late the highest common factor of 453079919 and 2903.
2903
What is the highest common divisor of 29880 and 130310?
830
Calculate the greatest common divisor of 43684 and 477844.
268
Calculate the greatest common factor of 4431246 and 38994.
402
Calculate the highest common divisor of 53960 and 691895.
355
What is the highest common factor of 990 and 58309200?
90
What is the greatest common factor of 1017010 and 10?
10
Calculate the highest common factor of 413714377 and 1832.
229
What is the greatest common factor of 9860 and 8958660?
340
Calculate the highest common factor of 68917031 and 3587.
3587
What is the greatest common divisor of 1906032 and 168?
24
What is the highest common divisor of 1397665 and 6310?
3155
What is the greatest common divisor of 257222 and 2793?
133
Calculate the highest common divisor of 18953154 and 88.
22
Calculate the highest common factor of 1518 and 6161907.
69
What is the greatest common divisor of 132 and 3994496?
44
What is the highest common factor of 433078 and 7340398?
5482
What is the highest common divisor of 5301370 and 70?
10
What is the greatest common divisor of 248223775 and 537?
179
Calculate the greatest common divisor of 67665570 and 310.
10
Calculate the greatest common divisor of 5879208 and 570.
114
What is the greatest common factor of 9143072 and 80?
16
What is the highest common factor of 11556 and 134892?
108
What is the greatest common divisor of 584685 and 3?
3
What is the highest common divisor of 976 and 3717828?
244
What is the greatest common factor of 2087321720 and 2321?
2321
Calculate the highest common factor of 122555 and 231600.
965
What is the greatest common factor of 1513 and 275281?
17
Calculate the greatest common divisor of 1185276 and 84.
12
What is the highest common divisor of 44 and 43545540?
4
Calculate the highest common factor of 1192788 and 56521.
1949
Calculate the highest common factor of 1320 and 3575385.
165
Calculate the greatest common divisor of 292352606 and 13.
13
What is the greatest common divisor of 8179068 and 24?
12
Calculate the highest common divisor of 152373 and 12207.
39
Calculate the highest common divisor of 6509623 and 3077.
17
What is the highest common divisor of 24 and 289637772?
12
What is the highest common divisor of 12096 and 515886?
42
What is the highest common factor of 55618017 and 533?
533
What is the greatest common divisor of 51 and 1193880777?
51
What is the highest common factor of 10405 and 1135?
5
What is the highest common factor of 2295 and 27710527?
17
What is the highest common factor of 6926295 and 37319?
557
What is the greatest common divisor of 31595 and 7087515?
445
Calculate the greatest common factor of 246 and 1617290428.
82
What is the highest common divisor of 7327188 and 1188?
396
What is the highest common divisor of 1192659 and 208?
13
What is the greatest common factor of 20454 and 1134?
42
Calculate the highest common factor of 1129648969 and 139.
139
What is the highest common factor of 262493154 and 616?
154
Calculate the greatest common divisor of 2416138120 and 22.
22
Calculate the greatest common divisor of 22 and 211308658.
22
What is the greatest common factor of 8500 and 1096415?
85
Calculate the greatest common factor of 72065386 and 2.
2
Calculate the greatest common factor of 10960908 and 29293.
2663
Calculate the greatest common divisor of 880 and 2020260.
220
Calculate the highest common factor of 10455407 and 86.
43
Calculate the greatest common factor of 104894 and 1426910.
586
What is the greatest common factor of 25373 and 133?
1
Calculate the greatest common factor of 12932 and 1441918.
6466
What is the highest common divisor of 235888057 and 142?
71
Calculate the highest common factor of 106367897 and 1351.
193
What is the highest common factor of 6400 and 53800?
200
Calculate the greatest common divisor of 96155 and 5.
5
Calculate the highest common divisor of 102996 and 74232.
36
Calculate the highest common factor of 60 and 85001420.
20
Calculate the highest common factor of 2760 and 9334920.
120
Calculate the greatest common factor of 925524 and 6462.
18
Calculate the greatest common divisor of 81 and 73621791.
81
What is the greatest common factor of 50655 and 2017455?
165
Calculate the greatest common divisor of 1656 and 121383072.
72
What is the greatest common divisor of 6018 and 38208?
6
Calculate the highest common factor of 9499 and 2544847.
59
What is the highest common divisor of 848 and 1252996744?
424
Calculate the greatest common divisor of 2114 and 168648578.
2114
Calculate the greatest common factor of 6212 and 101420218.
3106
What is the greatest common factor of 7 and 17795771?
7
What is the greatest common factor of 12512149 and 701?
701
What is the highest common divisor of 56 and 761383?
7
What is the greatest common factor of 99242 and 55737916?
9022
What is the highest common divisor of 143306151 and 873?
291
Calculate the greatest common divisor of 7335669 and 1617.
33
Calculate the highest common factor of 7386768 and 60.
12
What is the highest common factor of 435 and 14201735?
145
Calculate the highest common factor of 113667230 and 50.
10
Calculate the greatest common factor of 14 and 4868038.
14
What is the highest common factor of 19910 and 290?
10
Calculate the greatest common factor of 648 and 196653744.
648
What is the highest common divisor of 87 and 102392881?
29
Calculate the highest common factor of 397305 and 1924560.
3645
Calculate the highest common factor of 140695 and 182780.
95
Calculate the highest common divisor of 196 and 1878709.
49
What is the highest common factor of 11082317 and 340?
17
What is the greatest common factor of 73744 and 224752?
176
Calculate the greatest common divisor of 315021 and 1344.
21
What is the greatest common factor of 398697 and 33?
3
Calculate the highest common divisor of 1174 and 33565247.
587
Calculate the greatest common factor of 4181055 and 10695.
345
What is the highest common divisor of 72 and 5956452?
36
Calculate the highest common divisor of 244098 and 398.
2
Calculate the greatest common divisor of 133 and 437152.
19
Calculate the greatest common divisor of 6732 and 85336668.
612
What is the greatest common factor of 9894 and 52326?
102
Calculate the greatest common divisor of 3144 and 5277728.
1048
What is the highest common divisor of 32497726 and 4632?
386
What is the highest common divisor of 84752993 and 507?
169
What is the greatest common factor of 201582181 and 93?
31
What is the greatest common divisor of 61538936 and 3922?
106
Calculate the highest common divisor of 365 and 73691091.
73
What is the greatest common divisor of 588 and 31336284?
588
Calculate the greatest common divisor of 29627 and 8881263.
2279
Calculate the greatest common divisor of 585 and 15270489.
117
Calculate the greatest common divisor of 428400 and 43280.
80
Calculate the greatest common divisor of 3984 and 370896.
48
What is the greatest common factor of 2364560 and 330?
110
What is the greatest common divisor of 39928800 and 1397?
127
What is the greatest common factor of 78467 and 177?
1
Calculate the greatest common divisor of 45955569 and 2167.
2167
What is the highest common factor of 139543320 and 12?
12
Calculate the highest common divisor of 476 and 2496739.
119
Calculate the highest common divisor of 8340 and 737117.
139
What is the greatest common divisor of 1917034 and 8344?
2086
What is the greatest common divisor of 592 and 976496?
16
Calculate the highest common divisor of 37 and 32327233.
37
Calculate the greatest common factor of 227755 and 73062.
451
What is the highest common factor of 23251393 and 187?
187
What is the greatest common divisor of 65894 and 121?
1
What is the greatest common divisor of 595154 and 62?
2
Calculate the greatest common divisor of 28254009 and 6.
3
Calculate the greatest common divisor of 119474 and 80746.
94
What is the greatest common divisor of 2723 and 1159886357?
2723
What is the highest common divisor of 748740 and 2300?
20
What is the greatest common factor of 106158 and 146952?
78
Calculate the greatest common divisor of 1716 and 782760.
132
Calculate the greatest common factor of 248479 and 6321.
49
Calculate the highest common factor of 2150 and 2530700